n(10). Let w(v) = 67*v**2 - 3*v - 3*v - 65*v**2 - y. What is the units digit of w(8)?
2
Let p(k) = 5*k**2 + 28*k + 97. Let d be p(-4). Suppose 4*r = -3*x + 88, 0*r = -2*r + x + 54. What is the tens digit of 211*r/d + (-4)/26?
8
Suppose -4*y + 753 + 2527 = 0. Let t = y + -54. Suppose -5*w + 299 = -t. What is the units digit of w?
3
Let y(t) = -203*t**2 - 18*t + 17. Let f be y(1). Let h = -2 - f. What is the tens digit of h?
0
Let b = 36 + -271. Let n = -114 - b. What is the tens digit of n?
2
Let u(x) = 3*x**2 + 34*x + 9. Let s be u(-10). Let d = s + 99. Suppose -y + 2 = -4*l - d, 135 = 3*y + 3*l. What is the tens digit of y?
5
Suppose 2*j = -3*g - 165 - 189, 0 = -j + g - 172. What is the hundreds digit of 1*798*(-58)/j?
2
Suppose 8 - 2 = 3*k. Suppose -4*b = -k*a + 194, -4*a = 3*b + a + 139. Let j = b + 108. What is the units digit of j?
0
Let n(m) = -m**2 - 564*m + 79. What is the units digit of n(-39)?
4
Let z = -5 - -10. Suppose 3*y - 2254 = -z*s, -2264 = -5*s - 4*y + 6*y. What is the units digit of s?
2
Let y = 171 + 13. What is the tens digit of 6/4*(y/6 - 8)?
3
Suppose 364*m - 375*m + 83248 = 0. What is the units digit of m?
8
Let u(b) = 1468*b - 1966. What is the units digit of u(8)?
8
Let q(x) = -34*x - 359 + 101*x + 216. What is the units digit of q(14)?
5
Let s be (-2)/4 + (-2360)/16. Let y = s + 83. What is the tens digit of (-26)/y + (-378)/(-5) + 1?
7
Suppose -166 = -19*z + 21*z. Let m = z + 243. What is the hundreds digit of m?
1
Let k(n) = 18*n**3 + 3*n**2 - 19*n + 388. What is the units digit of k(11)?
0
Let u = -9023 - -14193. What is the hundreds digit of u?
1
Let u = -46 - -74. Suppose 0 = -5*k - 22 - u. What is the hundreds digit of 5/(k/9)*512/(-12)?
1
Let j be (-2829)/(-3) - (-6 - -7). Suppose 192*y = 195*y - j. What is the tens digit of y?
1
Suppose z - 4 - 12 = 0. Suppose 0 = 4*h - z + 12. Let s = 38 + h. What is the units digit of s?
9
Suppose -7*b = -3*b - 748. Suppose 589 = 4*s - b. What is the units digit of s?
4
Let x(o) = 13*o**2 + 16*o - 49. Suppose 80 = 2*i + 6. Let q = -33 + i. What is the units digit of x(q)?
3
Let f(i) = i**2 - 12*i + 10. Let k be f(14). Let o = k - 33. Suppose -4*n + o*w = -784, -3*n - 2*n + 989 = -4*w. What is the tens digit of n?
0
Let m(l) = l**2 + 20*l + 104. Let u be m(-36). Suppose 0 = 3*z + 2*n - 1028, -4*n + u = 3*z - z. What is the tens digit of z?
4
Let i(o) = -23*o**3 - 6*o**2 - 3*o + 20. Let y be i(-4). Let d = y + -748. What is the hundreds digit of d?
6
Let p(h) be the second derivative of -2*h**5/5 - h**4/3 - h**3/3 + h**2 + 144*h. Let b be 18/(-8) + (-2)/(-8). What is the units digit of p(b)?
4
Suppose 3*x - 5*f - 111751 = -7*f, 0 = 4*x - 5*f - 149055. What is the thousands digit of x?
7
Let a = -100 + -259. Let v = 327 - a. What is the units digit of v?
6
Let a be (12/(-10))/((-1)/5). What is the units digit of 44/(1/(a/12))?
2
Let q = -727 - 724. What is the tens digit of ((-48)/9 - -5)*(-4 + q)?
8
Let u(p) = 2*p**2 + 119*p + 4888. What is the thousands digit of u(-70)?
6
Suppose 6*o + 17 = 3*s + 7*o, 0 = 4*s + 2*o - 24. Let u be (72 + (s/1 - 1))*2. Suppose 2*i - u = 126. What is the hundreds digit of i?
1
Let t be (46/(-4))/(-5 - (-63)/14). Suppose 1827 = -t*f + 30*f. What is the tens digit of f?
6
Suppose -313 - 111 = -4*p. Suppose 5*c - 2611 + p = 0. What is the tens digit of c?
0
Let q(a) = -a**2 + 11*a + 3. Let j be q(5). Suppose -4 = 32*g - j*g. Suppose 0 = g*d - 194 - 118. What is the tens digit of d?
7
Suppose 3*i + 2091 = 3*n, -3*n + 9*i = 4*i - 2081. Let l = -435 + n. What is the units digit of l?
7
Let u = -8901 - -15641. What is the tens digit of (u/80)/((-3)/(-24))?
7
Let j = 57 - 53. Suppose u = -a + 6, -4*u - a + 15 = -0*a. Suppose -u*d - 2*h = -h - 283, -2*h - j = 0. What is the units digit of d?
5
Let t(b) = b - 3. Let k be t(-2). Let a(h) = 41*h**2 + 18*h + 12. What is the hundreds digit of a(k)?
9
Suppose 8*f - 208 - 1088 = 0. Suppose 4146 = -156*a + f*a. What is the units digit of a?
1
Suppose 0 = 10*o - 1811 + 531. Let d be (-1)/(-4) - 7041/(-12). Suppose d = 3*w + o. What is the hundreds digit of w?
1
Suppose 0*y = -3*q + 3*y - 3111, 5*y = -q - 1055. What is the tens digit of (1 - 10/4)/(15/q)?
0
Suppose -o - 2*q - 437 = 0, 17*o + 4*q + 443 = 16*o. What is the units digit of (-2)/2*(o - 2)?
3
Let p = 1263 - 802. Suppose 1681 = 7*y - p. What is the tens digit of y?
0
Suppose 2*q = 69 - 73. Let k be (-1)/q + 6/4. Suppose 4*i = 0, 4*c + 3*i = k*i + 716. What is the tens digit of c?
7
Let b(j) = 4*j**2 - 28*j - 223. What is the hundreds digit of b(-20)?
9
Let l be (555/6)/(18/(-72)). Let z = -95 - l. What is the tens digit of z?
7
Let d be (-17)/34*-1*42. Let k = d + -19. Suppose i - 203 = -l - k*l, 3*l - i - 211 = 0. What is the units digit of l?
9
Suppose -3*w - 61*y = -60*y - 13714, -4*y = -3*w + 13709. What is the units digit of w?
1
Let y(p) = 10*p**3 - 70*p**2 - 146*p + 336. Let w(c) = -2*c**3 + 14*c**2 + 29*c - 67. Let j(h) = -11*w(h) - 2*y(h). What is the hundreds digit of j(12)?
1
Let h(u) = -2*u + 28. Let p be h(-8). Suppose 6*t + p = -5*t. What is the tens digit of -12*(-3 + t/(-12))?
3
Let l be 112*(-7 - -6)*-2. Suppose -967 = -3*u + l. What is the hundreds digit of u?
3
Let k = 35934 - 6713. What is the tens digit of k?
2
Suppose -24*g = -46240 - 2864. What is the units digit of g?
6
Let g(c) = 3947*c + 708. What is the units digit of g(3)?
9
Let m(s) = 237*s**2 - 4*s - 1. Let r be m(2). Suppose 5*h - 2576 = r. Suppose 0 = 9*d - 620 - h. What is the hundreds digit of d?
1
Suppose -3*w = -3*t - 197103, 164*w - 160*w - t - 262831 = 0. What is the ten thousands digit of w?
6
Let c(k) = 7*k**2 - 3. Let v be c(1). Suppose t = -2*z + v*z + 499, 0 = -5*t - 3*z + 2482. What is the tens digit of t?
9
Let a be ((-12)/(-8))/(2/(-3) - (-311)/462). Let u(t) = t + 6. Let v be u(-4). Suppose -v*i + a = i. What is the units digit of i?
7
Let h be (20 - 3) + -6 + 3. Let d be ((-21)/h)/(3/(-8)). Suppose 0 = -d*s - t + 6*t + 147, 119 = 3*s - 2*t. What is the units digit of s?
3
Let h(s) = -989*s - 1371. What is the units digit of h(-10)?
9
Let d = 14 - 15. What is the tens digit of 2862/14 - (9/(-21))/d?
0
Suppose -3*n = -0*n - r - 264, 4*r = 0. What is the tens digit of n?
8
Let p be 52/65 + (-228)/10 - -1. What is the units digit of 0 - 4/(-7) - 9039/p?
1
Let m(b) = -b**3 + 4*b**2 + 2*b - 1. Let v be m(3). Suppose -v*r = -4*r - 180. Suppose -d + 22 = -r. What is the tens digit of d?
4
Suppose -2*h + 1 = 3*l, 4*l - 24 = 3*h - 0*h. Suppose -6*i = -3*i - l, -4*d + 991 = -i. What is the hundreds digit of d?
2
Suppose -13*z + 3960 + 6375 = 0. Let g = z - 175. What is the hundreds digit of g?
6
Let u be (-62)/279 + (-114)/(-27). Suppose u*g - 1071 = 4*w + 565, -2049 = -5*g + 4*w. What is the hundreds digit of g?
4
Let k = -31 + 11. Let m = -32 - k. What is the units digit of (m/10)/(((-42)/(-400))/(-7))?
0
Let b = -1502 + 6161. What is the thousands digit of b?
4
Let y = 4664 + -4400. What is the tens digit of y?
6
Let r = 1369 - -3410. What is the thousands digit of r?
4
Let l(y) = 3*y**3 - 38*y**2 + 7*y + 10. Let p be l(16). Suppose 31*m + p = 9688. What is the units digit of m?
6
Let q be (347/4 + -2)/((-12)/(-32)). Let j = 10 + q. What is the tens digit of j?
3
What is the hundreds digit of 18/15 - (-54164)/55?
9
Let d(f) = 6*f**3 - 4*f**2 - 12*f - 7. Let t be d(7). Suppose -2*y + 4255 = 5*o - 201, -2*o + 3*y = -t. Suppose 2*q - o = -350. What is the hundreds digit of q?
2
Suppose 3*z - 21001 = -w, 712*z - 707*z - w - 35007 = 0. What is the units digit of z?
1
Let l(k) = 161*k**2 + 2*k. Suppose -6*y = -y - 3*b + 17, 0 = -2*y - 2*b + 6. What is the tens digit of l(y)?
5
Let a be (-3 - -5)/(1/2). Suppose 422 = 2*o + 4*f, 462 = 2*o - 0*o - a*f. Suppose 0 = -5*c + 4*x + o, -c - 2*x + 20 = -27. What is the tens digit of c?
4
Let i = 76614 + -45580. What is the thousands digit of i?
1
Let x(y) = -16*y**3 + 13*y**2 + 15*y - 51. What is the tens digit of x(-8)?
5
Suppose 55*o = 59*o. Suppose 5*u + 575 = 2*t - 287, -t - 2*u + 413 = o. What is the units digit of t?
1
Let i = 453 + 5566. What is the hundreds digit of i?
0
Let d be 6 + -74*(28 + 5). Let c = -1625 - d. What is the units digit of c?
1
Suppose -4*d = 3*s - 59, -20 = -5*s - 4*d + 73. Suppose -16*l = -s*l. S